{"id":10369,"date":"2023-03-24T09:42:49","date_gmt":"2023-03-24T08:42:49","guid":{"rendered":"http:\/\/krzyza.strzelin.archidiecezja.wroc.pl\/?page_id=10369"},"modified":"2026-01-05T09:34:00","modified_gmt":"2026-01-05T08:34:00","slug":"przygotowanie-do-bierzmowania","status":"publish","type":"page","link":"http:\/\/krzyza.strzelin.archidiecezja.wroc.pl\/?page_id=10369","title":{"rendered":"Przygotowanie do bierzmowania"},"content":{"rendered":"<h2><span style=\"color: #000000;\"><strong>Warunki, jakie powinien spe\u0142nia\u0107 \u015bwiadek bierzmowania (na podstawie Kodeksu Prawa Kanonicznego<\/strong> kan. 893)<\/span><\/h2>\n<ul>\n<li>\n<h3><span style=\"color: #000000;\">Uko\u0144czy\u0142 16 lat (przy s\u0142usznej przyczynie mo\u017ce by\u0107 to wiek ni\u017cszy).<\/span><\/h3>\n<\/li>\n<li>\n<h3><span style=\"color: #000000;\">Jest katolikiem, bierzmowanym i przyj\u0105\u0142 ju\u017c sakrament Naj\u015bwi\u0119tszej Eucharystii.<\/span><\/h3>\n<\/li>\n<li>\n<h3><span style=\"color: #000000;\">Prowadzi \u017cycie zgodne z wiar\u0105 i odpowiadaj\u0105ce funkcji, jak\u0105 ma pe\u0142ni\u0107 (przyjmuje sakramenty).<\/span><\/h3>\n<\/li>\n<li>\n<h3><span style=\"color: #000000;\">\u00a0Jest wolny od jakiejkolwiek kary kanonicznej, zgodnie z prawem wymierzonej lub deklarowanej.<\/span><\/h3>\n<\/li>\n<li>\n<h3><span style=\"color: #000000;\">Je\u015bli jest uczniem szko\u0142y \u015bredniej, to ucz\u0119szcza na katechez\u0119 (konieczne b\u0119dzie przedstawienie opinii od katechety).<\/span><\/h3>\n<\/li>\n<li>\n<h3><span style=\"color: #000000;\">Nie jest ojcem lub matk\u0105 przyjmuj\u0105cego bierzmowanie.<\/span><\/h3>\n<\/li>\n<\/ul>\n<h2><span style=\"color: #000000;\">Je\u017celi \u015bwiadek mieszka poza nasz\u0105 parafi\u0105, nale\u017cy dostarczy\u0107 za\u015bwiadczenie z parafii jego miejsca zamieszkania, \u017ce mo\u017ce t\u0119 funkcj\u0119 pe\u0142ni\u0107.<\/span><\/h2>\n","protected":false},"excerpt":{"rendered":"<p>Warunki, jakie powinien spe\u0142nia\u0107 \u015bwiadek bierzmowania (na podstawie Kodeksu Prawa Kanonicznego kan. 893) Uko\u0144czy\u0142 16 lat (przy s\u0142usznej przyczynie mo\u017ce by\u0107 to wiek ni\u017cszy). Jest katolikiem, bierzmowanym i przyj\u0105\u0142 ju\u017c sakrament Naj\u015bwi\u0119tszej Eucharystii. Prowadzi \u017cycie zgodne z wiar\u0105 i odpowiadaj\u0105ce funkcji, jak\u0105 ma pe\u0142ni\u0107 (przyjmuje sakramenty). \u00a0Jest wolny od jakiejkolwiek kary kanonicznej, zgodnie z prawem&#8230;<\/p>\n","protected":false},"author":1,"featured_media":0,"parent":0,"menu_order":0,"comment_status":"closed","ping_status":"closed","template":"","meta":[],"_links":{"self":[{"href":"http:\/\/krzyza.strzelin.archidiecezja.wroc.pl\/index.php?rest_route=\/wp\/v2\/pages\/10369"}],"collection":[{"href":"http:\/\/krzyza.strzelin.archidiecezja.wroc.pl\/index.php?rest_route=\/wp\/v2\/pages"}],"about":[{"href":"http:\/\/krzyza.strzelin.archidiecezja.wroc.pl\/index.php?rest_route=\/wp\/v2\/types\/page"}],"author":[{"embeddable":true,"href":"http:\/\/krzyza.strzelin.archidiecezja.wroc.pl\/index.php?rest_route=\/wp\/v2\/users\/1"}],"replies":[{"embeddable":true,"href":"http:\/\/krzyza.strzelin.archidiecezja.wroc.pl\/index.php?rest_route=%2Fwp%2Fv2%2Fcomments&post=10369"}],"version-history":[{"count":30,"href":"http:\/\/krzyza.strzelin.archidiecezja.wroc.pl\/index.php?rest_route=\/wp\/v2\/pages\/10369\/revisions"}],"predecessor-version":[{"id":11032,"href":"http:\/\/krzyza.strzelin.archidiecezja.wroc.pl\/index.php?rest_route=\/wp\/v2\/pages\/10369\/revisions\/11032"}],"wp:attachment":[{"href":"http:\/\/krzyza.strzelin.archidiecezja.wroc.pl\/index.php?rest_route=%2Fwp%2Fv2%2Fmedia&parent=10369"}],"curies":[{"name":"wp","href":"https:\/\/api.w.org\/{rel}","templated":true}]}}

<h2><span style="color: #000000;"><strong>Warunki, jakie powinien spełniać świadek bierzmowania (na podstawie Kodeksu Prawa Kanonicznego</strong> kan. 893)</span></h2>
<ul>
<li>
<h3><span style="color: #000000;">Ukończył 16 lat (przy słusznej przyczynie może być to wiek niższy).</span></h3>
</li>
<li>
<h3><span style="color: #000000;">Jest katolikiem, bierzmowanym i przyjął już sakrament Najświętszej Eucharystii.</span></h3>
</li>
<li>
<h3><span style="color: #000000;">Prowadzi życie zgodne z wiarą i odpowiadające funkcji, jaką ma pełnić (przyjmuje sakramenty).</span></h3>
</li>
<li>
<h3><span style="color: #000000;"> Jest wolny od jakiejkolwiek kary kanonicznej, zgodnie z prawem wymierzonej lub deklarowanej.</span></h3>
</li>
<li>
<h3><span style="color: #000000;">Jeśli jest uczniem szkoły średniej, to uczęszcza na katechezę (konieczne będzie przedstawienie opinii od katechety).</span></h3>
</li>
<li>
<h3><span style="color: #000000;">Nie jest ojcem lub matką przyjmującego bierzmowanie.</span></h3>
</li>
</ul>
<h2><span style="color: #000000;">Jeżeli świadek mieszka poza naszą parafią, należy dostarczyć zaświadczenie z parafii jego miejsca zamieszkania, że może tę funkcję pełnić.</span></h2>

<p>Warunki, jakie powinien spełniać świadek bierzmowania (na podstawie Kodeksu Prawa Kanonicznego kan. 893) Ukończył 16 lat (przy słusznej przyczynie może być to wiek niższy). Jest katolikiem, bierzmowanym i przyjął już sakrament Najświętszej Eucharystii. Prowadzi życie zgodne z wiarą i odpowiadające funkcji, jaką ma pełnić (przyjmuje sakramenty).  Jest wolny od jakiejkolwiek kary kanonicznej, zgodnie z prawem&#8230;</p>
