{"id":10371,"date":"2023-03-24T09:51:19","date_gmt":"2023-03-24T08:51:19","guid":{"rendered":"http:\/\/krzyza.strzelin.archidiecezja.wroc.pl\/?page_id=10371"},"modified":"2025-08-23T12:13:53","modified_gmt":"2025-08-23T10:13:53","slug":"przygotowanie-do-i-komunii-swietej","status":"publish","type":"page","link":"http:\/\/krzyza.strzelin.archidiecezja.wroc.pl\/?page_id=10371","title":{"rendered":"Przygotowanie do I Komunii \u015awi\u0119tej"},"content":{"rendered":"<h2><span style=\"color: #000000;\">Spotkania formacyjne dla rodzic\u00f3w dzieci przygotowuj\u0105cych si\u0119 do do I Komunii \u015awi\u0119tej odb\u0119d\u0105 si\u0119 w pierwszy wtorek miesi\u0105ca o godz. 18:45 w ko\u015bciele. <\/span><\/h2>\n<h2><span style=\"color: #000000;\">Zapraszamy rodzic\u00f3w do sk\u0142adania dokument\u00f3w (deklaracji i metryki chrztu*) na spotkaniu we wtorek 2 wrze\u015bnia o godz. 18.45<br \/>\nw ko\u015bciele.\u00a0<\/span><\/h2>\n<ul>\n<li><\/li>\n<li>\n<h2><\/h2>\n<\/li>\n<\/ul>\n","protected":false},"excerpt":{"rendered":"<p>Spotkania formacyjne dla rodzic\u00f3w dzieci przygotowuj\u0105cych si\u0119 do do I Komunii \u015awi\u0119tej odb\u0119d\u0105 si\u0119 w pierwszy wtorek miesi\u0105ca o godz. 18:45 w ko\u015bciele. Zapraszamy rodzic\u00f3w do sk\u0142adania dokument\u00f3w (deklaracji i metryki chrztu*) na spotkaniu we wtorek 2 wrze\u015bnia o godz. 18.45 w ko\u015bciele.\u00a0<\/p>\n","protected":false},"author":1,"featured_media":10409,"parent":0,"menu_order":0,"comment_status":"closed","ping_status":"closed","template":"","meta":[],"_links":{"self":[{"href":"http:\/\/krzyza.strzelin.archidiecezja.wroc.pl\/index.php?rest_route=\/wp\/v2\/pages\/10371"}],"collection":[{"href":"http:\/\/krzyza.strzelin.archidiecezja.wroc.pl\/index.php?rest_route=\/wp\/v2\/pages"}],"about":[{"href":"http:\/\/krzyza.strzelin.archidiecezja.wroc.pl\/index.php?rest_route=\/wp\/v2\/types\/page"}],"author":[{"embeddable":true,"href":"http:\/\/krzyza.strzelin.archidiecezja.wroc.pl\/index.php?rest_route=\/wp\/v2\/users\/1"}],"replies":[{"embeddable":true,"href":"http:\/\/krzyza.strzelin.archidiecezja.wroc.pl\/index.php?rest_route=%2Fwp%2Fv2%2Fcomments&post=10371"}],"version-history":[{"count":21,"href":"http:\/\/krzyza.strzelin.archidiecezja.wroc.pl\/index.php?rest_route=\/wp\/v2\/pages\/10371\/revisions"}],"predecessor-version":[{"id":10923,"href":"http:\/\/krzyza.strzelin.archidiecezja.wroc.pl\/index.php?rest_route=\/wp\/v2\/pages\/10371\/revisions\/10923"}],"wp:featuredmedia":[{"embeddable":true,"href":"http:\/\/krzyza.strzelin.archidiecezja.wroc.pl\/index.php?rest_route=\/wp\/v2\/media\/10409"}],"wp:attachment":[{"href":"http:\/\/krzyza.strzelin.archidiecezja.wroc.pl\/index.php?rest_route=%2Fwp%2Fv2%2Fmedia&parent=10371"}],"curies":[{"name":"wp","href":"https:\/\/api.w.org\/{rel}","templated":true}]}}

Przygotowanie do I Komunii Świętej

<h2><span style="color: #000000;">Spotkania formacyjne dla rodziców dzieci przygotowujących się do do I Komunii Świętej odbędą się w pierwszy wtorek miesiąca o godz. 18:45 w kościele. </span></h2>
<h2><span style="color: #000000;">Zapraszamy rodziców do składania dokumentów (deklaracji i metryki chrztu*) na spotkaniu we wtorek 2 września o godz. 18.45<br />
w kościele. </span></h2>
<ul>
<li></li>
<li>
<h2></h2>
</li>
</ul>

<p>Spotkania formacyjne dla rodziców dzieci przygotowujących się do do I Komunii Świętej odbędą się w pierwszy wtorek miesiąca o godz. 18:45 w kościele. Zapraszamy rodziców do składania dokumentów (deklaracji i metryki chrztu*) na spotkaniu we wtorek 2 września o godz. 18.45 w kościele. </p>
