{"id":10685,"date":"2024-08-01T09:30:02","date_gmt":"2024-08-01T07:30:02","guid":{"rendered":"http:\/\/krzyza.strzelin.archidiecezja.wroc.pl\/?page_id=10685"},"modified":"2025-03-21T15:25:48","modified_gmt":"2025-03-21T14:25:48","slug":"ochrona-maloletnich","status":"publish","type":"page","link":"http:\/\/krzyza.strzelin.archidiecezja.wroc.pl\/?page_id=10685","title":{"rendered":"Ochrona ma\u0142oletnich"},"content":{"rendered":"<h2><span style=\"color: #000000;\">W parafii pw. Podwy\u017cszenia Krzy\u017ca \u015awi\u0119tego w Strzelinie obowi\u0105zuj\u0105 standardy ochrony ma\u0142oletnich i os\u00f3b prawnie z nimi zr\u00f3wnanych, zgodnie z obowi\u0105zuj\u0105cym prawem pa\u0144stwowym (Ustawa o zmianie ustawy Kodeks rodzinny i opieku\u0144czy oraz innych ustaw z dn. 28 lipca 2023 r. \u2013 tzw. \u201eUstawa Kamilka\u201d) i ko\u015bcielnym.<\/span><\/h2>\n<p>&nbsp;<\/p>\n<p><a href=\"http:\/\/krzyza.strzelin.archidiecezja.wroc.pl\/wp-content\/uploads\/2025\/03\/Screenshot-2025-03-21-at-15-20-39-20250321_2a.pdf.png\" data-rel=\"lightbox-image-0\" data-rl_title=\"\" data-rl_caption=\"\" title=\"\"><img decoding=\"async\" loading=\"lazy\" class=\"alignnone size-full wp-image-10863\" src=\"http:\/\/krzyza.strzelin.archidiecezja.wroc.pl\/wp-content\/uploads\/2025\/03\/Screenshot-2025-03-21-at-15-20-39-20250321_2a.pdf.png\" alt=\"\" width=\"1175\" height=\"830\" srcset=\"http:\/\/krzyza.strzelin.archidiecezja.wroc.pl\/wp-content\/uploads\/2025\/03\/Screenshot-2025-03-21-at-15-20-39-20250321_2a.pdf.png 1175w, http:\/\/krzyza.strzelin.archidiecezja.wroc.pl\/wp-content\/uploads\/2025\/03\/Screenshot-2025-03-21-at-15-20-39-20250321_2a.pdf-300x212.png 300w, http:\/\/krzyza.strzelin.archidiecezja.wroc.pl\/wp-content\/uploads\/2025\/03\/Screenshot-2025-03-21-at-15-20-39-20250321_2a.pdf-1024x723.png 1024w, http:\/\/krzyza.strzelin.archidiecezja.wroc.pl\/wp-content\/uploads\/2025\/03\/Screenshot-2025-03-21-at-15-20-39-20250321_2a.pdf-768x543.png 768w, http:\/\/krzyza.strzelin.archidiecezja.wroc.pl\/wp-content\/uploads\/2025\/03\/Screenshot-2025-03-21-at-15-20-39-20250321_2a.pdf-640x452.png 640w, http:\/\/krzyza.strzelin.archidiecezja.wroc.pl\/wp-content\/uploads\/2025\/03\/Screenshot-2025-03-21-at-15-20-39-20250321_2a.pdf-1x1.png 1w\" sizes=\"(max-width: 1175px) 100vw, 1175px\" \/><\/a><\/p>\n<h2><span style=\"color: #000000;\">Pe\u0142ny tekst wytycznych dotycz\u0105cych ochrony dzieci i m\u0142odzie\u017cy w Archidiecezji Wroc\u0142awskiej wydanych przez abpa J\u00f3zefa Kupnego Metropolit\u0119 Wroc\u0142awskiego: <a href=\"http:\/\/archidiecezja.wroc.pl\/pliki\/instrukcja_ochrona_dzieci_mlodziezy.pdf\">kliknij tutaj<\/a><\/span><\/h2>\n<p>&nbsp;<\/p>\n<h2><a href=\"http:\/\/krzyza.strzelin.archidiecezja.wroc.pl\/wp-content\/uploads\/2024\/09\/SOM-2024.pdf\">Standardy Ochrony Ma\u0142oletnich w parafii pw. Podwy\u017cszenia Krzy\u017ca \u015awi\u0119tego w Strzelinie<\/a><\/h2>\n<p>&nbsp;<\/p>\n<p>&nbsp;<\/p>\n","protected":false},"excerpt":{"rendered":"<p>W parafii pw. Podwy\u017cszenia Krzy\u017ca \u015awi\u0119tego w Strzelinie obowi\u0105zuj\u0105 standardy ochrony ma\u0142oletnich i os\u00f3b prawnie z nimi zr\u00f3wnanych, zgodnie z obowi\u0105zuj\u0105cym prawem pa\u0144stwowym (Ustawa o zmianie ustawy Kodeks rodzinny i opieku\u0144czy oraz innych ustaw z dn. 28 lipca 2023 r. \u2013 tzw. \u201eUstawa Kamilka\u201d) i ko\u015bcielnym. &nbsp; Pe\u0142ny tekst wytycznych dotycz\u0105cych ochrony dzieci i m\u0142odzie\u017cy&#8230;<\/p>\n","protected":false},"author":1,"featured_media":0,"parent":0,"menu_order":0,"comment_status":"closed","ping_status":"closed","template":"","meta":[],"_links":{"self":[{"href":"http:\/\/krzyza.strzelin.archidiecezja.wroc.pl\/index.php?rest_route=\/wp\/v2\/pages\/10685"}],"collection":[{"href":"http:\/\/krzyza.strzelin.archidiecezja.wroc.pl\/index.php?rest_route=\/wp\/v2\/pages"}],"about":[{"href":"http:\/\/krzyza.strzelin.archidiecezja.wroc.pl\/index.php?rest_route=\/wp\/v2\/types\/page"}],"author":[{"embeddable":true,"href":"http:\/\/krzyza.strzelin.archidiecezja.wroc.pl\/index.php?rest_route=\/wp\/v2\/users\/1"}],"replies":[{"embeddable":true,"href":"http:\/\/krzyza.strzelin.archidiecezja.wroc.pl\/index.php?rest_route=%2Fwp%2Fv2%2Fcomments&post=10685"}],"version-history":[{"count":10,"href":"http:\/\/krzyza.strzelin.archidiecezja.wroc.pl\/index.php?rest_route=\/wp\/v2\/pages\/10685\/revisions"}],"predecessor-version":[{"id":10864,"href":"http:\/\/krzyza.strzelin.archidiecezja.wroc.pl\/index.php?rest_route=\/wp\/v2\/pages\/10685\/revisions\/10864"}],"wp:attachment":[{"href":"http:\/\/krzyza.strzelin.archidiecezja.wroc.pl\/index.php?rest_route=%2Fwp%2Fv2%2Fmedia&parent=10685"}],"curies":[{"name":"wp","href":"https:\/\/api.w.org\/{rel}","templated":true}]}}

Ochrona małoletnich

<h2><span style="color: #000000;">W parafii pw. Podwyższenia Krzyża Świętego w Strzelinie obowiązują standardy ochrony małoletnich i osób prawnie z nimi zrównanych, zgodnie z obowiązującym prawem państwowym (Ustawa o zmianie ustawy Kodeks rodzinny i opiekuńczy oraz innych ustaw z dn. 28 lipca 2023 r. – tzw. „Ustawa Kamilka”) i kościelnym.</span></h2>
<p>&nbsp;</p>
<p><a href="http://krzyza.strzelin.archidiecezja.wroc.pl/wp-content/uploads/2025/03/Screenshot-2025-03-21-at-15-20-39-20250321_2a.pdf.png" data-rel="lightbox-image-0" data-rl_title="" data-rl_caption="" title=""><img decoding="async" loading="lazy" class="alignnone size-full wp-image-10863" src="http://krzyza.strzelin.archidiecezja.wroc.pl/wp-content/uploads/2025/03/Screenshot-2025-03-21-at-15-20-39-20250321_2a.pdf.png" alt="" width="1175" height="830" srcset="http://krzyza.strzelin.archidiecezja.wroc.pl/wp-content/uploads/2025/03/Screenshot-2025-03-21-at-15-20-39-20250321_2a.pdf.png 1175w, http://krzyza.strzelin.archidiecezja.wroc.pl/wp-content/uploads/2025/03/Screenshot-2025-03-21-at-15-20-39-20250321_2a.pdf-300x212.png 300w, http://krzyza.strzelin.archidiecezja.wroc.pl/wp-content/uploads/2025/03/Screenshot-2025-03-21-at-15-20-39-20250321_2a.pdf-1024x723.png 1024w, http://krzyza.strzelin.archidiecezja.wroc.pl/wp-content/uploads/2025/03/Screenshot-2025-03-21-at-15-20-39-20250321_2a.pdf-768x543.png 768w, http://krzyza.strzelin.archidiecezja.wroc.pl/wp-content/uploads/2025/03/Screenshot-2025-03-21-at-15-20-39-20250321_2a.pdf-640x452.png 640w, http://krzyza.strzelin.archidiecezja.wroc.pl/wp-content/uploads/2025/03/Screenshot-2025-03-21-at-15-20-39-20250321_2a.pdf-1x1.png 1w" sizes="(max-width: 1175px) 100vw, 1175px" /></a></p>
<h2><span style="color: #000000;">Pełny tekst wytycznych dotyczących ochrony dzieci i młodzieży w Archidiecezji Wrocławskiej wydanych przez abpa Józefa Kupnego Metropolitę Wrocławskiego: <a href="http://archidiecezja.wroc.pl/pliki/instrukcja_ochrona_dzieci_mlodziezy.pdf">kliknij tutaj</a></span></h2>
<p>&nbsp;</p>
<h2><a href="http://krzyza.strzelin.archidiecezja.wroc.pl/wp-content/uploads/2024/09/SOM-2024.pdf">Standardy Ochrony Małoletnich w parafii pw. Podwyższenia Krzyża Świętego w Strzelinie</a></h2>
<p>&nbsp;</p>
<p>&nbsp;</p>

<p>W parafii pw. Podwyższenia Krzyża Świętego w Strzelinie obowiązują standardy ochrony małoletnich i osób prawnie z nimi zrównanych, zgodnie z obowiązującym prawem państwowym (Ustawa o zmianie ustawy Kodeks rodzinny i opiekuńczy oraz innych ustaw z dn. 28 lipca 2023 r. – tzw. „Ustawa Kamilka”) i kościelnym. &nbsp; Pełny tekst wytycznych dotyczących ochrony dzieci i młodzieży&#8230;</p>
