{"id":15,"date":"2013-11-28T11:20:19","date_gmt":"2013-11-28T10:20:19","guid":{"rendered":"http:\/\/parafiapodwyzszeniakrzyza.pl\/?page_id=15"},"modified":"2024-04-19T21:39:56","modified_gmt":"2024-04-19T19:39:56","slug":"nabozenstwa","status":"publish","type":"page","link":"http:\/\/krzyza.strzelin.archidiecezja.wroc.pl\/?page_id=15","title":{"rendered":"Nabo\u017ce\u0144stwa"},"content":{"rendered":"<p style=\"text-align: center;\"><strong><br \/>\nSERDECZNIE ZAPRASZAMY NA NABO\u017bE\u0143STWA W NASZEJ PARAFII:<\/strong><\/p>\n<h3 style=\"text-align: center;\"><strong><span style=\"color: #000000;\"><span style=\"color: #800000;\">\u00a0MODLITWA R\u00d3\u017bA\u0143COWA<\/span> <\/span><\/strong><\/h3>\n<h3 style=\"text-align: left;\"><span style=\"color: #000000;\">* w dni powszednie przed porann\u0105 Msz\u0105 \u015awi\u0119t\u0105<\/span><\/h3>\n<h3 style=\"text-align: left;\">* w pa\u017adzierniku o godz. 17:30<\/h3>\n<p style=\"text-align: center;\"><a href=\"http:\/\/krzyza.strzelin.archidiecezja.wroc.pl\/wp-content\/uploads\/2013\/11\/1349955434-Kopia1.jpg\" data-rel=\"lightbox-image-0\" data-rl_title=\"\" data-rl_caption=\"\" title=\"\"><img decoding=\"async\" loading=\"lazy\" class=\"size-full wp-image-3060\" src=\"http:\/\/krzyza.strzelin.archidiecezja.wroc.pl\/wp-content\/uploads\/2013\/11\/1349955434-Kopia1.jpg\" alt=\"1349955434 - Kopia\" width=\"450\" height=\"254\" srcset=\"http:\/\/krzyza.strzelin.archidiecezja.wroc.pl\/wp-content\/uploads\/2013\/11\/1349955434-Kopia1.jpg 450w, http:\/\/krzyza.strzelin.archidiecezja.wroc.pl\/wp-content\/uploads\/2013\/11\/1349955434-Kopia1-300x169.jpg 300w\" sizes=\"(max-width: 450px) 100vw, 450px\" \/><\/a><\/p>\n<h3 style=\"text-align: center;\"><span style=\"color: #800000;\"><strong>NOWENNA DO MATKI BO\u017bEJ NIEUSTAJ\u0104CEJ POMOCY<\/strong> <\/span><\/h3>\n<h3 style=\"text-align: center;\"><span style=\"color: #000000;\">w ka\u017cd\u0105 \u015brod\u0119 o godzinie 17:30 oraz MSZA \u015aWI\u0118TA w intencjach nowennowych o godzinie 18:00 <\/span><\/h3>\n<p><a href=\"http:\/\/krzyza.strzelin.archidiecezja.wroc.pl\/wp-content\/uploads\/2013\/11\/mbnp10_20060515_-5239852621.jpg\" data-rel=\"lightbox-image-1\" data-rl_title=\"\" data-rl_caption=\"\" title=\"\"><img decoding=\"async\" loading=\"lazy\" class=\"size-full wp-image-3063 aligncenter\" src=\"http:\/\/krzyza.strzelin.archidiecezja.wroc.pl\/wp-content\/uploads\/2013\/11\/mbnp10_20060515_-5239852621.jpg\" alt=\"mbnp10_20060515_-523985262\" width=\"450\" height=\"254\" srcset=\"http:\/\/krzyza.strzelin.archidiecezja.wroc.pl\/wp-content\/uploads\/2013\/11\/mbnp10_20060515_-5239852621.jpg 450w, http:\/\/krzyza.strzelin.archidiecezja.wroc.pl\/wp-content\/uploads\/2013\/11\/mbnp10_20060515_-5239852621-300x169.jpg 300w\" sizes=\"(max-width: 450px) 100vw, 450px\" \/><\/a><\/p>\n<h3 style=\"text-align: center;\"><span style=\"color: #800000;\"><strong>DROGA KRZY\u017bOWA<\/strong> <\/span><\/h3>\n<h3 style=\"text-align: center;\"><span style=\"color: #000000;\">w ka\u017cdy pi\u0105tek o godzinie 17:30<br \/>\n(poza okresem wielkanocnym oraz \u015bwi\u0119tami i uroczysto\u015bciami)<\/span><a href=\"http:\/\/krzyza.strzelin.archidiecezja.wroc.pl\/wp-content\/uploads\/2018\/09\/41396891_1843207972434721_4827411157574746112_o.jpg\" data-rel=\"lightbox-image-2\" data-rl_title=\"\" data-rl_caption=\"\" title=\"\"><img decoding=\"async\" loading=\"lazy\" class=\" wp-image-8637 aligncenter\" src=\"http:\/\/krzyza.strzelin.archidiecezja.wroc.pl\/wp-content\/uploads\/2018\/09\/41396891_1843207972434721_4827411157574746112_o-300x169.jpg\" alt=\"\" width=\"451\" height=\"254\" srcset=\"http:\/\/krzyza.strzelin.archidiecezja.wroc.pl\/wp-content\/uploads\/2018\/09\/41396891_1843207972434721_4827411157574746112_o-300x169.jpg 300w, http:\/\/krzyza.strzelin.archidiecezja.wroc.pl\/wp-content\/uploads\/2018\/09\/41396891_1843207972434721_4827411157574746112_o-768x433.jpg 768w, http:\/\/krzyza.strzelin.archidiecezja.wroc.pl\/wp-content\/uploads\/2018\/09\/41396891_1843207972434721_4827411157574746112_o-1024x577.jpg 1024w, http:\/\/krzyza.strzelin.archidiecezja.wroc.pl\/wp-content\/uploads\/2018\/09\/41396891_1843207972434721_4827411157574746112_o-640x361.jpg 640w, http:\/\/krzyza.strzelin.archidiecezja.wroc.pl\/wp-content\/uploads\/2018\/09\/41396891_1843207972434721_4827411157574746112_o-2x1.jpg 2w, http:\/\/krzyza.strzelin.archidiecezja.wroc.pl\/wp-content\/uploads\/2018\/09\/41396891_1843207972434721_4827411157574746112_o.jpg 2048w\" sizes=\"(max-width: 451px) 100vw, 451px\" \/><\/a><\/h3>\n<h3 style=\"text-align: center;\"><span style=\"color: #800000;\"><strong>ADORACJA NAJ\u015aWI\u0118TSZEGO SAKRAMENTU<\/strong> <\/span><\/h3>\n<h3 style=\"text-align: left;\"><span style=\"color: #000000;\">* Zako\u0144czona Apelem Jasnog\u00f3rskim o godzinie 21:00 w ka\u017cd\u0105 pierwsz\u0105 sobot\u0119 miesi\u0105ca po Mszy \u015awi\u0119tej wieczornej.<\/span><\/h3>\n<h3>* Wieczysta adoracja (ca\u0142odzienna) przypada w naszej parafii 10 pa\u017adziernika.<\/h3>\n<p><a href=\"http:\/\/krzyza.strzelin.archidiecezja.wroc.pl\/wp-content\/uploads\/2013\/11\/DSCN155111.jpg\" data-rel=\"lightbox-image-3\" data-rl_title=\"\" data-rl_caption=\"\" title=\"\"><img decoding=\"async\" loading=\"lazy\" class=\"size-full wp-image-3068 aligncenter\" src=\"http:\/\/krzyza.strzelin.archidiecezja.wroc.pl\/wp-content\/uploads\/2013\/11\/DSCN155111.jpg\" alt=\"DSCN15511\" width=\"450\" height=\"253\" srcset=\"http:\/\/krzyza.strzelin.archidiecezja.wroc.pl\/wp-content\/uploads\/2013\/11\/DSCN155111.jpg 450w, http:\/\/krzyza.strzelin.archidiecezja.wroc.pl\/wp-content\/uploads\/2013\/11\/DSCN155111-300x168.jpg 300w\" sizes=\"(max-width: 450px) 100vw, 450px\" \/><\/a><\/p>\n<h3 style=\"text-align: center;\"><span style=\"color: #800000;\"><strong>NABO\u017bE\u0143STWO FATIMSKIE<\/strong> <\/span><\/h3>\n<h3 style=\"text-align: center;\"><span style=\"color: #000000;\">w miesi\u0105cach maj &#8211; pa\u017adziernik<\/span><\/h3>\n<p style=\"text-align: center;\">po wieczornej Mszy \u015awi\u0119tej<\/p>\n<p style=\"text-align: center;\">(w pa\u017adzierniku po\u0142\u0105czone z nabo\u017ce\u0144stwem r\u00f3\u017ca\u0144cowym)<\/p>\n<p><a href=\"http:\/\/krzyza.strzelin.archidiecezja.wroc.pl\/wp-content\/uploads\/2013\/11\/mid_21040.jpg\" data-rel=\"lightbox-image-4\" data-rl_title=\"\" data-rl_caption=\"\" title=\"\"><img decoding=\"async\" loading=\"lazy\" class=\"size-full wp-image-3067 aligncenter\" src=\"http:\/\/krzyza.strzelin.archidiecezja.wroc.pl\/wp-content\/uploads\/2013\/11\/mid_21040.jpg\" alt=\"mid_21040\" width=\"450\" height=\"254\" srcset=\"http:\/\/krzyza.strzelin.archidiecezja.wroc.pl\/wp-content\/uploads\/2013\/11\/mid_21040.jpg 450w, http:\/\/krzyza.strzelin.archidiecezja.wroc.pl\/wp-content\/uploads\/2013\/11\/mid_21040-300x169.jpg 300w\" sizes=\"(max-width: 450px) 100vw, 450px\" \/><\/a><\/p>\n<h3 style=\"text-align: center;\"><span style=\"color: #800000;\"><strong>GORZKIE \u017bALE<\/strong> <\/span><\/h3>\n<h3 style=\"text-align: center;\"><span style=\"color: #000000;\">w Wielkim Po\u015bcie w niedziele o godzinie 17:15<\/span><\/h3>\n<p style=\"text-align: center;\"><a href=\"http:\/\/krzyza.strzelin.archidiecezja.wroc.pl\/wp-content\/uploads\/2013\/11\/ChmielowskiAdam.1881.EcceHomo.jpg\" data-rel=\"lightbox-image-5\" data-rl_title=\"\" data-rl_caption=\"\" title=\"\"><img decoding=\"async\" loading=\"lazy\" class=\"size-full wp-image-3069\" src=\"http:\/\/krzyza.strzelin.archidiecezja.wroc.pl\/wp-content\/uploads\/2013\/11\/ChmielowskiAdam.1881.EcceHomo.jpg\" alt=\"ChmielowskiAdam.1881.EcceHomo\" width=\"450\" height=\"254\" srcset=\"http:\/\/krzyza.strzelin.archidiecezja.wroc.pl\/wp-content\/uploads\/2013\/11\/ChmielowskiAdam.1881.EcceHomo.jpg 450w, http:\/\/krzyza.strzelin.archidiecezja.wroc.pl\/wp-content\/uploads\/2013\/11\/ChmielowskiAdam.1881.EcceHomo-300x169.jpg 300w\" sizes=\"(max-width: 450px) 100vw, 450px\" \/><\/a><\/p>\n<h3 style=\"text-align: center;\"><span style=\"color: #800000;\"><strong>LITANIA LORETA\u0143SKA<\/strong> <\/span><\/h3>\n<h3 style=\"text-align: center;\"><span style=\"color: #000000;\">w maju o godzinie 17:30<\/span><\/h3>\n<p><a href=\"http:\/\/krzyza.strzelin.archidiecezja.wroc.pl\/wp-content\/uploads\/2013\/11\/IMG_8711.jpg\" data-rel=\"lightbox-image-6\" data-rl_title=\"\" data-rl_caption=\"\" title=\"\"><img decoding=\"async\" loading=\"lazy\" class=\"size-full wp-image-3070 aligncenter\" src=\"http:\/\/krzyza.strzelin.archidiecezja.wroc.pl\/wp-content\/uploads\/2013\/11\/IMG_8711.jpg\" alt=\"IMG_8711\" width=\"450\" height=\"253\" srcset=\"http:\/\/krzyza.strzelin.archidiecezja.wroc.pl\/wp-content\/uploads\/2013\/11\/IMG_8711.jpg 450w, http:\/\/krzyza.strzelin.archidiecezja.wroc.pl\/wp-content\/uploads\/2013\/11\/IMG_8711-300x168.jpg 300w\" sizes=\"(max-width: 450px) 100vw, 450px\" \/><\/a><\/p>\n<h3 style=\"text-align: center;\"><span style=\"color: #800000;\"><strong>NABO\u017bE\u0143STWO DO SERCA PANA JEZUSA\u00a0<\/strong> <\/span><\/h3>\n<h3 style=\"text-align: center;\"><span style=\"color: #000000;\">w czerwcu o godzinie 17:30 <\/span><\/h3>\n<p><a href=\"http:\/\/krzyza.strzelin.archidiecezja.wroc.pl\/wp-content\/uploads\/2013\/11\/1403007288.jpg\" data-rel=\"lightbox-image-7\" data-rl_title=\"\" data-rl_caption=\"\" title=\"\"><img decoding=\"async\" loading=\"lazy\" class=\"size-full wp-image-3071 aligncenter\" src=\"http:\/\/krzyza.strzelin.archidiecezja.wroc.pl\/wp-content\/uploads\/2013\/11\/1403007288.jpg\" alt=\"1403007288\" width=\"450\" height=\"254\" srcset=\"http:\/\/krzyza.strzelin.archidiecezja.wroc.pl\/wp-content\/uploads\/2013\/11\/1403007288.jpg 450w, http:\/\/krzyza.strzelin.archidiecezja.wroc.pl\/wp-content\/uploads\/2013\/11\/1403007288-300x169.jpg 300w\" sizes=\"(max-width: 450px) 100vw, 450px\" \/><\/a><\/p>\n","protected":false},"excerpt":{"rendered":"<p>SERDECZNIE ZAPRASZAMY NA NABO\u017bE\u0143STWA W NASZEJ PARAFII: \u00a0MODLITWA R\u00d3\u017bA\u0143COWA * w dni powszednie przed porann\u0105 Msz\u0105 \u015awi\u0119t\u0105 * w pa\u017adzierniku o godz. 17:30 NOWENNA DO MATKI BO\u017bEJ NIEUSTAJ\u0104CEJ POMOCY w ka\u017cd\u0105 \u015brod\u0119 o godzinie 17:30 oraz MSZA \u015aWI\u0118TA w intencjach nowennowych o godzinie 18:00 DROGA KRZY\u017bOWA w ka\u017cdy pi\u0105tek o godzinie 17:30 (poza okresem wielkanocnym&#8230;<\/p>\n","protected":false},"author":1,"featured_media":8636,"parent":0,"menu_order":0,"comment_status":"closed","ping_status":"open","template":"","meta":[],"_links":{"self":[{"href":"http:\/\/krzyza.strzelin.archidiecezja.wroc.pl\/index.php?rest_route=\/wp\/v2\/pages\/15"}],"collection":[{"href":"http:\/\/krzyza.strzelin.archidiecezja.wroc.pl\/index.php?rest_route=\/wp\/v2\/pages"}],"about":[{"href":"http:\/\/krzyza.strzelin.archidiecezja.wroc.pl\/index.php?rest_route=\/wp\/v2\/types\/page"}],"author":[{"embeddable":true,"href":"http:\/\/krzyza.strzelin.archidiecezja.wroc.pl\/index.php?rest_route=\/wp\/v2\/users\/1"}],"replies":[{"embeddable":true,"href":"http:\/\/krzyza.strzelin.archidiecezja.wroc.pl\/index.php?rest_route=%2Fwp%2Fv2%2Fcomments&post=15"}],"version-history":[{"count":56,"href":"http:\/\/krzyza.strzelin.archidiecezja.wroc.pl\/index.php?rest_route=\/wp\/v2\/pages\/15\/revisions"}],"predecessor-version":[{"id":10649,"href":"http:\/\/krzyza.strzelin.archidiecezja.wroc.pl\/index.php?rest_route=\/wp\/v2\/pages\/15\/revisions\/10649"}],"wp:featuredmedia":[{"embeddable":true,"href":"http:\/\/krzyza.strzelin.archidiecezja.wroc.pl\/index.php?rest_route=\/wp\/v2\/media\/8636"}],"wp:attachment":[{"href":"http:\/\/krzyza.strzelin.archidiecezja.wroc.pl\/index.php?rest_route=%2Fwp%2Fv2%2Fmedia&parent=15"}],"curies":[{"name":"wp","href":"https:\/\/api.w.org\/{rel}","templated":true}]}}

Nabożeństwa

<p style="text-align: center;"><strong><br />
SERDECZNIE ZAPRASZAMY NA NABOŻEŃSTWA W NASZEJ PARAFII:</strong></p>
<h3 style="text-align: center;"><strong><span style="color: #000000;"><span style="color: #800000;"> MODLITWA RÓŻAŃCOWA</span> </span></strong></h3>
<h3 style="text-align: left;"><span style="color: #000000;">* w dni powszednie przed poranną Mszą Świętą</span></h3>
<h3 style="text-align: left;">* w październiku o godz. 17:30</h3>
<p style="text-align: center;"><a href="http://krzyza.strzelin.archidiecezja.wroc.pl/wp-content/uploads/2013/11/1349955434-Kopia1.jpg" data-rel="lightbox-image-0" data-rl_title="" data-rl_caption="" title=""><img decoding="async" loading="lazy" class="size-full wp-image-3060" src="http://krzyza.strzelin.archidiecezja.wroc.pl/wp-content/uploads/2013/11/1349955434-Kopia1.jpg" alt="1349955434 - Kopia" width="450" height="254" srcset="http://krzyza.strzelin.archidiecezja.wroc.pl/wp-content/uploads/2013/11/1349955434-Kopia1.jpg 450w, http://krzyza.strzelin.archidiecezja.wroc.pl/wp-content/uploads/2013/11/1349955434-Kopia1-300x169.jpg 300w" sizes="(max-width: 450px) 100vw, 450px" /></a></p>
<h3 style="text-align: center;"><span style="color: #800000;"><strong>NOWENNA DO MATKI BOŻEJ NIEUSTAJĄCEJ POMOCY</strong> </span></h3>
<h3 style="text-align: center;"><span style="color: #000000;">w każdą środę o godzinie 17:30 oraz MSZA ŚWIĘTA w intencjach nowennowych o godzinie 18:00 </span></h3>
<p><a href="http://krzyza.strzelin.archidiecezja.wroc.pl/wp-content/uploads/2013/11/mbnp10_20060515_-5239852621.jpg" data-rel="lightbox-image-1" data-rl_title="" data-rl_caption="" title=""><img decoding="async" loading="lazy" class="size-full wp-image-3063 aligncenter" src="http://krzyza.strzelin.archidiecezja.wroc.pl/wp-content/uploads/2013/11/mbnp10_20060515_-5239852621.jpg" alt="mbnp10_20060515_-523985262" width="450" height="254" srcset="http://krzyza.strzelin.archidiecezja.wroc.pl/wp-content/uploads/2013/11/mbnp10_20060515_-5239852621.jpg 450w, http://krzyza.strzelin.archidiecezja.wroc.pl/wp-content/uploads/2013/11/mbnp10_20060515_-5239852621-300x169.jpg 300w" sizes="(max-width: 450px) 100vw, 450px" /></a></p>
<h3 style="text-align: center;"><span style="color: #800000;"><strong>DROGA KRZYŻOWA</strong> </span></h3>
<h3 style="text-align: center;"><span style="color: #000000;">w każdy piątek o godzinie 17:30<br />
(poza okresem wielkanocnym oraz świętami i uroczystościami)</span><a href="http://krzyza.strzelin.archidiecezja.wroc.pl/wp-content/uploads/2018/09/41396891_1843207972434721_4827411157574746112_o.jpg" data-rel="lightbox-image-2" data-rl_title="" data-rl_caption="" title=""><img decoding="async" loading="lazy" class=" wp-image-8637 aligncenter" src="http://krzyza.strzelin.archidiecezja.wroc.pl/wp-content/uploads/2018/09/41396891_1843207972434721_4827411157574746112_o-300x169.jpg" alt="" width="451" height="254" srcset="http://krzyza.strzelin.archidiecezja.wroc.pl/wp-content/uploads/2018/09/41396891_1843207972434721_4827411157574746112_o-300x169.jpg 300w, http://krzyza.strzelin.archidiecezja.wroc.pl/wp-content/uploads/2018/09/41396891_1843207972434721_4827411157574746112_o-768x433.jpg 768w, http://krzyza.strzelin.archidiecezja.wroc.pl/wp-content/uploads/2018/09/41396891_1843207972434721_4827411157574746112_o-1024x577.jpg 1024w, http://krzyza.strzelin.archidiecezja.wroc.pl/wp-content/uploads/2018/09/41396891_1843207972434721_4827411157574746112_o-640x361.jpg 640w, http://krzyza.strzelin.archidiecezja.wroc.pl/wp-content/uploads/2018/09/41396891_1843207972434721_4827411157574746112_o-2x1.jpg 2w, http://krzyza.strzelin.archidiecezja.wroc.pl/wp-content/uploads/2018/09/41396891_1843207972434721_4827411157574746112_o.jpg 2048w" sizes="(max-width: 451px) 100vw, 451px" /></a></h3>
<h3 style="text-align: center;"><span style="color: #800000;"><strong>ADORACJA NAJŚWIĘTSZEGO SAKRAMENTU</strong> </span></h3>
<h3 style="text-align: left;"><span style="color: #000000;">* Zakończona Apelem Jasnogórskim o godzinie 21:00 w każdą pierwszą sobotę miesiąca po Mszy Świętej wieczornej.</span></h3>
<h3>* Wieczysta adoracja (całodzienna) przypada w naszej parafii 10 października.</h3>
<p><a href="http://krzyza.strzelin.archidiecezja.wroc.pl/wp-content/uploads/2013/11/DSCN155111.jpg" data-rel="lightbox-image-3" data-rl_title="" data-rl_caption="" title=""><img decoding="async" loading="lazy" class="size-full wp-image-3068 aligncenter" src="http://krzyza.strzelin.archidiecezja.wroc.pl/wp-content/uploads/2013/11/DSCN155111.jpg" alt="DSCN15511" width="450" height="253" srcset="http://krzyza.strzelin.archidiecezja.wroc.pl/wp-content/uploads/2013/11/DSCN155111.jpg 450w, http://krzyza.strzelin.archidiecezja.wroc.pl/wp-content/uploads/2013/11/DSCN155111-300x168.jpg 300w" sizes="(max-width: 450px) 100vw, 450px" /></a></p>
<h3 style="text-align: center;"><span style="color: #800000;"><strong>NABOŻEŃSTWO FATIMSKIE</strong> </span></h3>
<h3 style="text-align: center;"><span style="color: #000000;">w miesiącach maj &#8211; październik</span></h3>
<p style="text-align: center;">po wieczornej Mszy Świętej</p>
<p style="text-align: center;">(w październiku połączone z nabożeństwem różańcowym)</p>
<p><a href="http://krzyza.strzelin.archidiecezja.wroc.pl/wp-content/uploads/2013/11/mid_21040.jpg" data-rel="lightbox-image-4" data-rl_title="" data-rl_caption="" title=""><img decoding="async" loading="lazy" class="size-full wp-image-3067 aligncenter" src="http://krzyza.strzelin.archidiecezja.wroc.pl/wp-content/uploads/2013/11/mid_21040.jpg" alt="mid_21040" width="450" height="254" srcset="http://krzyza.strzelin.archidiecezja.wroc.pl/wp-content/uploads/2013/11/mid_21040.jpg 450w, http://krzyza.strzelin.archidiecezja.wroc.pl/wp-content/uploads/2013/11/mid_21040-300x169.jpg 300w" sizes="(max-width: 450px) 100vw, 450px" /></a></p>
<h3 style="text-align: center;"><span style="color: #800000;"><strong>GORZKIE ŻALE</strong> </span></h3>
<h3 style="text-align: center;"><span style="color: #000000;">w Wielkim Poście w niedziele o godzinie 17:15</span></h3>
<p style="text-align: center;"><a href="http://krzyza.strzelin.archidiecezja.wroc.pl/wp-content/uploads/2013/11/ChmielowskiAdam.1881.EcceHomo.jpg" data-rel="lightbox-image-5" data-rl_title="" data-rl_caption="" title=""><img decoding="async" loading="lazy" class="size-full wp-image-3069" src="http://krzyza.strzelin.archidiecezja.wroc.pl/wp-content/uploads/2013/11/ChmielowskiAdam.1881.EcceHomo.jpg" alt="ChmielowskiAdam.1881.EcceHomo" width="450" height="254" srcset="http://krzyza.strzelin.archidiecezja.wroc.pl/wp-content/uploads/2013/11/ChmielowskiAdam.1881.EcceHomo.jpg 450w, http://krzyza.strzelin.archidiecezja.wroc.pl/wp-content/uploads/2013/11/ChmielowskiAdam.1881.EcceHomo-300x169.jpg 300w" sizes="(max-width: 450px) 100vw, 450px" /></a></p>
<h3 style="text-align: center;"><span style="color: #800000;"><strong>LITANIA LORETAŃSKA</strong> </span></h3>
<h3 style="text-align: center;"><span style="color: #000000;">w maju o godzinie 17:30</span></h3>
<p><a href="http://krzyza.strzelin.archidiecezja.wroc.pl/wp-content/uploads/2013/11/IMG_8711.jpg" data-rel="lightbox-image-6" data-rl_title="" data-rl_caption="" title=""><img decoding="async" loading="lazy" class="size-full wp-image-3070 aligncenter" src="http://krzyza.strzelin.archidiecezja.wroc.pl/wp-content/uploads/2013/11/IMG_8711.jpg" alt="IMG_8711" width="450" height="253" srcset="http://krzyza.strzelin.archidiecezja.wroc.pl/wp-content/uploads/2013/11/IMG_8711.jpg 450w, http://krzyza.strzelin.archidiecezja.wroc.pl/wp-content/uploads/2013/11/IMG_8711-300x168.jpg 300w" sizes="(max-width: 450px) 100vw, 450px" /></a></p>
<h3 style="text-align: center;"><span style="color: #800000;"><strong>NABOŻEŃSTWO DO SERCA PANA JEZUSA </strong> </span></h3>
<h3 style="text-align: center;"><span style="color: #000000;">w czerwcu o godzinie 17:30 </span></h3>
<p><a href="http://krzyza.strzelin.archidiecezja.wroc.pl/wp-content/uploads/2013/11/1403007288.jpg" data-rel="lightbox-image-7" data-rl_title="" data-rl_caption="" title=""><img decoding="async" loading="lazy" class="size-full wp-image-3071 aligncenter" src="http://krzyza.strzelin.archidiecezja.wroc.pl/wp-content/uploads/2013/11/1403007288.jpg" alt="1403007288" width="450" height="254" srcset="http://krzyza.strzelin.archidiecezja.wroc.pl/wp-content/uploads/2013/11/1403007288.jpg 450w, http://krzyza.strzelin.archidiecezja.wroc.pl/wp-content/uploads/2013/11/1403007288-300x169.jpg 300w" sizes="(max-width: 450px) 100vw, 450px" /></a></p>

<p>SERDECZNIE ZAPRASZAMY NA NABOŻEŃSTWA W NASZEJ PARAFII:  MODLITWA RÓŻAŃCOWA * w dni powszednie przed poranną Mszą Świętą * w październiku o godz. 17:30 NOWENNA DO MATKI BOŻEJ NIEUSTAJĄCEJ POMOCY w każdą środę o godzinie 17:30 oraz MSZA ŚWIĘTA w intencjach nowennowych o godzinie 18:00 DROGA KRZYŻOWA w każdy piątek o godzinie 17:30 (poza okresem wielkanocnym&#8230;</p>
