{"id":198,"date":"2014-02-07T21:25:58","date_gmt":"2014-02-07T20:25:58","guid":{"rendered":"http:\/\/krzyza.strzelin.archidiecezja.wroc.pl\/?page_id=198"},"modified":"2024-04-19T21:26:46","modified_gmt":"2024-04-19T19:26:46","slug":"schola-dziecieca","status":"publish","type":"page","link":"http:\/\/krzyza.strzelin.archidiecezja.wroc.pl\/?page_id=198","title":{"rendered":"Schola dzieci\u0119ca"},"content":{"rendered":"<h2 style=\"text-align: center;\">Pr\u00f3by scholi odbywaj\u0105 si\u0119 w \u015brody o godz. 18:45 w domu katechetycznym.<\/h2>\n<p style=\"text-align: center;\"><span style=\"color: #000000;\">Dzieci\u0119ca schola powsta\u0142a w okresie wiosennym w 2012 roku. Jej pomys\u0142odawc\u0105 jest nasz proboszcz, ks. Andrzej. Opiekun scholi &#8211; ks. Wies\u0142aw Wawrzyn\u00f3w na ka\u017cdej Mszy \u015aw. zaprasza\u0142 dzieci, aby wst\u0105pi\u0142y do grona scholist\u00f3w i tak z ka\u017cd\u0105 kolejn\u0105 pr\u00f3b\u0105 przybywa\u0142o coraz wi\u0119cej dzieci. Schola wielbi Pana Boga swoim \u015bpiewem podczas liturgii &#8211; to jest jej najwa\u017cniejszy cel i najwi\u0119ksza rado\u015b\u0107 &#8211; ch\u0119\u0107 s\u0142u\u017cenia Bogu i ludziom. Opr\u00f3cz pr\u00f3b \u015bpiewu na niedzielnych Mszach staramy si\u0119 organizowa\u0107 r\u00f3\u017cne wycieczki, nieraz\u00a0 kilkudniowe, aby sp\u0119dza\u0107 ze sob\u0105 wi\u0119cej czasu, przede wszystkim \u017ceby si\u0119 lepiej pozna\u0107.<br \/>\n<\/span><\/p>\n<p style=\"text-align: center;\"><span style=\"color: #000000;\">Po 2 latach pandemii schola wznowi\u0142a swoj\u0105 dzia\u0142alno\u015b\u0107. Serdecznie zapraszamy dzieci, kt\u00f3re chcia\u0142yby \u015bpiewa\u0107 w scholi, zar\u00f3wno dziewczynki jak i ch\u0142opc\u00f3w.<\/span><\/p>\n\n\t\t<style type=\"text\/css\">\n\t\t\t#gallery-1 {\n\t\t\t\tmargin: auto;\n\t\t\t}\n\t\t\t#gallery-1 .gallery-item {\n\t\t\t\tfloat: left;\n\t\t\t\tmargin-top: 10px;\n\t\t\t\ttext-align: center;\n\t\t\t\twidth: 33%;\n\t\t\t}\n\t\t\t#gallery-1 img {\n\t\t\t\tborder: 2px solid #cfcfcf;\n\t\t\t}\n\t\t\t#gallery-1 .gallery-caption {\n\t\t\t\tmargin-left: 0;\n\t\t\t}\n\t\t\t\/* see gallery_shortcode() in wp-includes\/media.php *\/\n\t\t<\/style>\n\t\t<div id='gallery-1' class='gallery galleryid-198 gallery-columns-3 gallery-size-thumbnail'><dl class='gallery-item'>\n\t\t\t<dt class='gallery-icon landscape'>\n\t\t\t\t<a href='http:\/\/krzyza.strzelin.archidiecezja.wroc.pl\/wp-content\/uploads\/2024\/04\/wp-17135541295775763558376694480874-e1713554794488.jpg' title=\"\" data-rl_title=\"\" class=\"rl-gallery-link\" data-rl_caption=\"\" data-rel=\"lightbox-gallery-1\"><img width=\"150\" height=\"150\" src=\"http:\/\/krzyza.strzelin.archidiecezja.wroc.pl\/wp-content\/uploads\/2024\/04\/wp-17135541295775763558376694480874-e1713554794488-150x150.jpg\" class=\"attachment-thumbnail size-thumbnail\" alt=\"\" decoding=\"async\" loading=\"lazy\" aria-describedby=\"gallery-1-10638\" \/><\/a>\n\t\t\t<\/dt>\n\t\t\t\t<dd class='wp-caption-text gallery-caption' id='gallery-1-10638'>\n\t\t\t\t2024 rok\n\t\t\t\t<\/dd><\/dl><dl class='gallery-item'>\n\t\t\t<dt class='gallery-icon landscape'>\n\t\t\t\t<a href='http:\/\/krzyza.strzelin.archidiecezja.wroc.pl\/wp-content\/uploads\/2024\/04\/wp-17135542501768677359535799970196.jpg' title=\"\" data-rl_title=\"\" class=\"rl-gallery-link\" data-rl_caption=\"\" data-rel=\"lightbox-gallery-1\"><img width=\"150\" height=\"150\" src=\"http:\/\/krzyza.strzelin.archidiecezja.wroc.pl\/wp-content\/uploads\/2024\/04\/wp-17135542501768677359535799970196-150x150.jpg\" class=\"attachment-thumbnail size-thumbnail\" alt=\"\" decoding=\"async\" loading=\"lazy\" aria-describedby=\"gallery-1-10639\" srcset=\"http:\/\/krzyza.strzelin.archidiecezja.wroc.pl\/wp-content\/uploads\/2024\/04\/wp-17135542501768677359535799970196-150x150.jpg 150w, http:\/\/krzyza.strzelin.archidiecezja.wroc.pl\/wp-content\/uploads\/2024\/04\/wp-17135542501768677359535799970196-2x1.jpg 2w\" sizes=\"(max-width: 150px) 100vw, 150px\" \/><\/a>\n\t\t\t<\/dt>\n\t\t\t\t<dd class='wp-caption-text gallery-caption' id='gallery-1-10639'>\n\t\t\t\t2024 rok\n\t\t\t\t<\/dd><\/dl><dl class='gallery-item'>\n\t\t\t<dt class='gallery-icon landscape'>\n\t\t\t\t<a href='http:\/\/krzyza.strzelin.archidiecezja.wroc.pl\/wp-content\/uploads\/2024\/04\/wp-17135542598987820590628715309401.jpg' title=\"\" data-rl_title=\"\" class=\"rl-gallery-link\" data-rl_caption=\"\" data-rel=\"lightbox-gallery-1\"><img width=\"150\" height=\"150\" src=\"http:\/\/krzyza.strzelin.archidiecezja.wroc.pl\/wp-content\/uploads\/2024\/04\/wp-17135542598987820590628715309401-150x150.jpg\" class=\"attachment-thumbnail size-thumbnail\" alt=\"\" decoding=\"async\" loading=\"lazy\" aria-describedby=\"gallery-1-10640\" srcset=\"http:\/\/krzyza.strzelin.archidiecezja.wroc.pl\/wp-content\/uploads\/2024\/04\/wp-17135542598987820590628715309401-150x150.jpg 150w, http:\/\/krzyza.strzelin.archidiecezja.wroc.pl\/wp-content\/uploads\/2024\/04\/wp-17135542598987820590628715309401-2x1.jpg 2w\" sizes=\"(max-width: 150px) 100vw, 150px\" \/><\/a>\n\t\t\t<\/dt>\n\t\t\t\t<dd class='wp-caption-text gallery-caption' id='gallery-1-10640'>\n\t\t\t\t2024 rok\n\t\t\t\t<\/dd><\/dl><br style=\"clear: both\" \/><dl class='gallery-item'>\n\t\t\t<dt class='gallery-icon landscape'>\n\t\t\t\t<a href='http:\/\/krzyza.strzelin.archidiecezja.wroc.pl\/wp-content\/uploads\/2024\/04\/wp-17135536243872957129390712427934.jpg' title=\"\" data-rl_title=\"\" class=\"rl-gallery-link\" data-rl_caption=\"\" data-rel=\"lightbox-gallery-1\"><img width=\"150\" height=\"150\" src=\"http:\/\/krzyza.strzelin.archidiecezja.wroc.pl\/wp-content\/uploads\/2024\/04\/wp-17135536243872957129390712427934-150x150.jpg\" class=\"attachment-thumbnail size-thumbnail\" alt=\"\" decoding=\"async\" loading=\"lazy\" aria-describedby=\"gallery-1-10634\" srcset=\"http:\/\/krzyza.strzelin.archidiecezja.wroc.pl\/wp-content\/uploads\/2024\/04\/wp-17135536243872957129390712427934-150x150.jpg 150w, http:\/\/krzyza.strzelin.archidiecezja.wroc.pl\/wp-content\/uploads\/2024\/04\/wp-17135536243872957129390712427934-1x1.jpg 1w\" sizes=\"(max-width: 150px) 100vw, 150px\" \/><\/a>\n\t\t\t<\/dt>\n\t\t\t\t<dd class='wp-caption-text gallery-caption' id='gallery-1-10634'>\n\t\t\t\t2023 rok\n\t\t\t\t<\/dd><\/dl><dl class='gallery-item'>\n\t\t\t<dt class='gallery-icon landscape'>\n\t\t\t\t<a href='http:\/\/krzyza.strzelin.archidiecezja.wroc.pl\/wp-content\/uploads\/2014\/02\/DSCN0193.jpg' title=\"\" data-rl_title=\"\" class=\"rl-gallery-link\" data-rl_caption=\"\" data-rel=\"lightbox-gallery-1\"><img width=\"150\" height=\"150\" src=\"http:\/\/krzyza.strzelin.archidiecezja.wroc.pl\/wp-content\/uploads\/2014\/02\/DSCN0193-150x150.jpg\" class=\"attachment-thumbnail size-thumbnail\" alt=\"\" decoding=\"async\" loading=\"lazy\" \/><\/a>\n\t\t\t<\/dt><\/dl><dl class='gallery-item'>\n\t\t\t<dt class='gallery-icon landscape'>\n\t\t\t\t<a href='http:\/\/krzyza.strzelin.archidiecezja.wroc.pl\/wp-content\/uploads\/2014\/02\/DSCN0486.jpg' title=\"\" data-rl_title=\"\" class=\"rl-gallery-link\" data-rl_caption=\"\" data-rel=\"lightbox-gallery-1\"><img width=\"150\" height=\"150\" src=\"http:\/\/krzyza.strzelin.archidiecezja.wroc.pl\/wp-content\/uploads\/2014\/02\/DSCN0486-150x150.jpg\" class=\"attachment-thumbnail size-thumbnail\" alt=\"\" decoding=\"async\" loading=\"lazy\" \/><\/a>\n\t\t\t<\/dt><\/dl><br style=\"clear: both\" \/><dl class='gallery-item'>\n\t\t\t<dt class='gallery-icon portrait'>\n\t\t\t\t<a href='http:\/\/krzyza.strzelin.archidiecezja.wroc.pl\/wp-content\/uploads\/2014\/02\/DSCN9977.jpg' title=\"\" data-rl_title=\"\" class=\"rl-gallery-link\" data-rl_caption=\"\" data-rel=\"lightbox-gallery-1\"><img width=\"150\" height=\"150\" src=\"http:\/\/krzyza.strzelin.archidiecezja.wroc.pl\/wp-content\/uploads\/2014\/02\/DSCN9977-150x150.jpg\" class=\"attachment-thumbnail size-thumbnail\" alt=\"\" decoding=\"async\" loading=\"lazy\" \/><\/a>\n\t\t\t<\/dt><\/dl><dl class='gallery-item'>\n\t\t\t<dt class='gallery-icon landscape'>\n\t\t\t\t<a href='http:\/\/krzyza.strzelin.archidiecezja.wroc.pl\/wp-content\/uploads\/2014\/04\/DSCN4425.jpg' title=\"\" data-rl_title=\"\" class=\"rl-gallery-link\" data-rl_caption=\"\" data-rel=\"lightbox-gallery-1\"><img width=\"150\" height=\"150\" src=\"http:\/\/krzyza.strzelin.archidiecezja.wroc.pl\/wp-content\/uploads\/2014\/04\/DSCN4425-150x150.jpg\" class=\"attachment-thumbnail size-thumbnail\" alt=\"\" decoding=\"async\" loading=\"lazy\" \/><\/a>\n\t\t\t<\/dt><\/dl><dl class='gallery-item'>\n\t\t\t<dt class='gallery-icon landscape'>\n\t\t\t\t<a href='http:\/\/krzyza.strzelin.archidiecezja.wroc.pl\/wp-content\/uploads\/2014\/02\/DSC_0191.jpg' title=\"\" data-rl_title=\"\" class=\"rl-gallery-link\" data-rl_caption=\"\" data-rel=\"lightbox-gallery-1\"><img width=\"150\" height=\"150\" src=\"http:\/\/krzyza.strzelin.archidiecezja.wroc.pl\/wp-content\/uploads\/2014\/02\/DSC_0191-150x150.jpg\" class=\"attachment-thumbnail size-thumbnail\" alt=\"\" decoding=\"async\" loading=\"lazy\" \/><\/a>\n\t\t\t<\/dt><\/dl><br style=\"clear: both\" \/><dl class='gallery-item'>\n\t\t\t<dt class='gallery-icon landscape'>\n\t\t\t\t<a href='http:\/\/krzyza.strzelin.archidiecezja.wroc.pl\/wp-content\/uploads\/2014\/02\/Schola_Kol\u0119dnicy-Misyjni_2014.jpg' title=\"\" data-rl_title=\"\" class=\"rl-gallery-link\" data-rl_caption=\"\" data-rel=\"lightbox-gallery-1\"><img width=\"150\" height=\"150\" src=\"http:\/\/krzyza.strzelin.archidiecezja.wroc.pl\/wp-content\/uploads\/2014\/02\/Schola_Kol\u0119dnicy-Misyjni_2014-150x150.jpg\" class=\"attachment-thumbnail size-thumbnail\" alt=\"\" decoding=\"async\" loading=\"lazy\" \/><\/a>\n\t\t\t<\/dt><\/dl><dl class='gallery-item'>\n\t\t\t<dt class='gallery-icon landscape'>\n\t\t\t\t<a href='http:\/\/krzyza.strzelin.archidiecezja.wroc.pl\/wp-content\/uploads\/2015\/06\/IMG_9358.jpg' title=\"\" data-rl_title=\"\" class=\"rl-gallery-link\" data-rl_caption=\"\" data-rel=\"lightbox-gallery-1\"><img width=\"150\" height=\"150\" src=\"http:\/\/krzyza.strzelin.archidiecezja.wroc.pl\/wp-content\/uploads\/2015\/06\/IMG_9358-150x150.jpg\" class=\"attachment-thumbnail size-thumbnail\" alt=\"\" decoding=\"async\" loading=\"lazy\" \/><\/a>\n\t\t\t<\/dt><\/dl><dl class='gallery-item'>\n\t\t\t<dt class='gallery-icon landscape'>\n\t\t\t\t<a href='http:\/\/krzyza.strzelin.archidiecezja.wroc.pl\/wp-content\/uploads\/2014\/02\/DSCN9318.jpg' title=\"\" data-rl_title=\"\" class=\"rl-gallery-link\" data-rl_caption=\"\" data-rel=\"lightbox-gallery-1\"><img width=\"150\" height=\"150\" src=\"http:\/\/krzyza.strzelin.archidiecezja.wroc.pl\/wp-content\/uploads\/2014\/02\/DSCN9318-150x150.jpg\" class=\"attachment-thumbnail size-thumbnail\" alt=\"\" decoding=\"async\" loading=\"lazy\" \/><\/a>\n\t\t\t<\/dt><\/dl><br style=\"clear: both\" \/><dl class='gallery-item'>\n\t\t\t<dt class='gallery-icon landscape'>\n\t\t\t\t<a href='http:\/\/krzyza.strzelin.archidiecezja.wroc.pl\/wp-content\/uploads\/2018\/02\/IMG_0962.jpg' title=\"\" data-rl_title=\"\" class=\"rl-gallery-link\" data-rl_caption=\"\" data-rel=\"lightbox-gallery-1\"><img width=\"150\" height=\"150\" src=\"http:\/\/krzyza.strzelin.archidiecezja.wroc.pl\/wp-content\/uploads\/2018\/02\/IMG_0962-150x150.jpg\" class=\"attachment-thumbnail size-thumbnail\" alt=\"\" decoding=\"async\" loading=\"lazy\" srcset=\"http:\/\/krzyza.strzelin.archidiecezja.wroc.pl\/wp-content\/uploads\/2018\/02\/IMG_0962-150x150.jpg 150w, http:\/\/krzyza.strzelin.archidiecezja.wroc.pl\/wp-content\/uploads\/2018\/02\/IMG_0962-2x1.jpg 2w\" sizes=\"(max-width: 150px) 100vw, 150px\" \/><\/a>\n\t\t\t<\/dt><\/dl><dl class='gallery-item'>\n\t\t\t<dt class='gallery-icon landscape'>\n\t\t\t\t<a href='http:\/\/krzyza.strzelin.archidiecezja.wroc.pl\/wp-content\/uploads\/2018\/02\/IMG_0965.jpg' title=\"\" data-rl_title=\"\" class=\"rl-gallery-link\" data-rl_caption=\"\" data-rel=\"lightbox-gallery-1\"><img width=\"150\" height=\"150\" src=\"http:\/\/krzyza.strzelin.archidiecezja.wroc.pl\/wp-content\/uploads\/2018\/02\/IMG_0965-150x150.jpg\" class=\"attachment-thumbnail size-thumbnail\" alt=\"\" decoding=\"async\" loading=\"lazy\" srcset=\"http:\/\/krzyza.strzelin.archidiecezja.wroc.pl\/wp-content\/uploads\/2018\/02\/IMG_0965-150x150.jpg 150w, http:\/\/krzyza.strzelin.archidiecezja.wroc.pl\/wp-content\/uploads\/2018\/02\/IMG_0965-2x1.jpg 2w\" sizes=\"(max-width: 150px) 100vw, 150px\" \/><\/a>\n\t\t\t<\/dt><\/dl><dl class='gallery-item'>\n\t\t\t<dt class='gallery-icon landscape'>\n\t\t\t\t<a href='http:\/\/krzyza.strzelin.archidiecezja.wroc.pl\/wp-content\/uploads\/2018\/02\/IMG_0974.jpg' title=\"\" data-rl_title=\"\" class=\"rl-gallery-link\" data-rl_caption=\"\" data-rel=\"lightbox-gallery-1\"><img width=\"150\" height=\"150\" src=\"http:\/\/krzyza.strzelin.archidiecezja.wroc.pl\/wp-content\/uploads\/2018\/02\/IMG_0974-150x150.jpg\" class=\"attachment-thumbnail size-thumbnail\" alt=\"\" decoding=\"async\" loading=\"lazy\" srcset=\"http:\/\/krzyza.strzelin.archidiecezja.wroc.pl\/wp-content\/uploads\/2018\/02\/IMG_0974-150x150.jpg 150w, http:\/\/krzyza.strzelin.archidiecezja.wroc.pl\/wp-content\/uploads\/2018\/02\/IMG_0974-2x1.jpg 2w\" sizes=\"(max-width: 150px) 100vw, 150px\" \/><\/a>\n\t\t\t<\/dt><\/dl><br style=\"clear: both\" \/><dl class='gallery-item'>\n\t\t\t<dt class='gallery-icon landscape'>\n\t\t\t\t<a href='http:\/\/krzyza.strzelin.archidiecezja.wroc.pl\/wp-content\/uploads\/2018\/02\/IMG_0987.jpg' title=\"\" data-rl_title=\"\" class=\"rl-gallery-link\" data-rl_caption=\"\" data-rel=\"lightbox-gallery-1\"><img width=\"150\" height=\"150\" src=\"http:\/\/krzyza.strzelin.archidiecezja.wroc.pl\/wp-content\/uploads\/2018\/02\/IMG_0987-150x150.jpg\" class=\"attachment-thumbnail size-thumbnail\" alt=\"\" decoding=\"async\" loading=\"lazy\" srcset=\"http:\/\/krzyza.strzelin.archidiecezja.wroc.pl\/wp-content\/uploads\/2018\/02\/IMG_0987-150x150.jpg 150w, http:\/\/krzyza.strzelin.archidiecezja.wroc.pl\/wp-content\/uploads\/2018\/02\/IMG_0987-2x1.jpg 2w\" sizes=\"(max-width: 150px) 100vw, 150px\" \/><\/a>\n\t\t\t<\/dt><\/dl><dl class='gallery-item'>\n\t\t\t<dt class='gallery-icon landscape'>\n\t\t\t\t<a href='http:\/\/krzyza.strzelin.archidiecezja.wroc.pl\/wp-content\/uploads\/2018\/02\/IMG_0988.jpg' title=\"\" data-rl_title=\"\" class=\"rl-gallery-link\" data-rl_caption=\"\" data-rel=\"lightbox-gallery-1\"><img width=\"150\" height=\"150\" src=\"http:\/\/krzyza.strzelin.archidiecezja.wroc.pl\/wp-content\/uploads\/2018\/02\/IMG_0988-150x150.jpg\" class=\"attachment-thumbnail size-thumbnail\" alt=\"\" decoding=\"async\" loading=\"lazy\" srcset=\"http:\/\/krzyza.strzelin.archidiecezja.wroc.pl\/wp-content\/uploads\/2018\/02\/IMG_0988-150x150.jpg 150w, http:\/\/krzyza.strzelin.archidiecezja.wroc.pl\/wp-content\/uploads\/2018\/02\/IMG_0988-2x1.jpg 2w\" sizes=\"(max-width: 150px) 100vw, 150px\" \/><\/a>\n\t\t\t<\/dt><\/dl><dl class='gallery-item'>\n\t\t\t<dt class='gallery-icon landscape'>\n\t\t\t\t<a href='http:\/\/krzyza.strzelin.archidiecezja.wroc.pl\/wp-content\/uploads\/2018\/02\/IMG_0991.jpg' title=\"\" data-rl_title=\"\" class=\"rl-gallery-link\" data-rl_caption=\"\" data-rel=\"lightbox-gallery-1\"><img width=\"150\" height=\"150\" src=\"http:\/\/krzyza.strzelin.archidiecezja.wroc.pl\/wp-content\/uploads\/2018\/02\/IMG_0991-150x150.jpg\" class=\"attachment-thumbnail size-thumbnail\" alt=\"\" decoding=\"async\" loading=\"lazy\" srcset=\"http:\/\/krzyza.strzelin.archidiecezja.wroc.pl\/wp-content\/uploads\/2018\/02\/IMG_0991-150x150.jpg 150w, http:\/\/krzyza.strzelin.archidiecezja.wroc.pl\/wp-content\/uploads\/2018\/02\/IMG_0991-2x1.jpg 2w\" sizes=\"(max-width: 150px) 100vw, 150px\" \/><\/a>\n\t\t\t<\/dt><\/dl><br style=\"clear: both\" \/>\n\t\t<\/div>\n\n<p><iframe loading=\"lazy\" src=\"\/\/www.youtube.com\/embed\/Y4S9PzHVQVM?rel=0\" width=\"560\" height=\"315\" frameborder=\"0\" allowfullscreen=\"allowfullscreen\"><\/iframe><\/p>\n","protected":false},"excerpt":{"rendered":"<p>Pr\u00f3by scholi odbywaj\u0105 si\u0119 w \u015brody o godz. 18:45 w domu katechetycznym. Dzieci\u0119ca schola powsta\u0142a w okresie wiosennym w 2012 roku. Jej pomys\u0142odawc\u0105 jest nasz proboszcz, ks. Andrzej. Opiekun scholi &#8211; ks. Wies\u0142aw Wawrzyn\u00f3w na ka\u017cdej Mszy \u015aw. zaprasza\u0142 dzieci, aby wst\u0105pi\u0142y do grona scholist\u00f3w i tak z ka\u017cd\u0105 kolejn\u0105 pr\u00f3b\u0105 przybywa\u0142o coraz wi\u0119cej dzieci&#8230;.<\/p>\n","protected":false},"author":1,"featured_media":10638,"parent":0,"menu_order":0,"comment_status":"closed","ping_status":"open","template":"","meta":[],"_links":{"self":[{"href":"http:\/\/krzyza.strzelin.archidiecezja.wroc.pl\/index.php?rest_route=\/wp\/v2\/pages\/198"}],"collection":[{"href":"http:\/\/krzyza.strzelin.archidiecezja.wroc.pl\/index.php?rest_route=\/wp\/v2\/pages"}],"about":[{"href":"http:\/\/krzyza.strzelin.archidiecezja.wroc.pl\/index.php?rest_route=\/wp\/v2\/types\/page"}],"author":[{"embeddable":true,"href":"http:\/\/krzyza.strzelin.archidiecezja.wroc.pl\/index.php?rest_route=\/wp\/v2\/users\/1"}],"replies":[{"embeddable":true,"href":"http:\/\/krzyza.strzelin.archidiecezja.wroc.pl\/index.php?rest_route=%2Fwp%2Fv2%2Fcomments&post=198"}],"version-history":[{"count":18,"href":"http:\/\/krzyza.strzelin.archidiecezja.wroc.pl\/index.php?rest_route=\/wp\/v2\/pages\/198\/revisions"}],"predecessor-version":[{"id":10641,"href":"http:\/\/krzyza.strzelin.archidiecezja.wroc.pl\/index.php?rest_route=\/wp\/v2\/pages\/198\/revisions\/10641"}],"wp:featuredmedia":[{"embeddable":true,"href":"http:\/\/krzyza.strzelin.archidiecezja.wroc.pl\/index.php?rest_route=\/wp\/v2\/media\/10638"}],"wp:attachment":[{"href":"http:\/\/krzyza.strzelin.archidiecezja.wroc.pl\/index.php?rest_route=%2Fwp%2Fv2%2Fmedia&parent=198"}],"curies":[{"name":"wp","href":"https:\/\/api.w.org\/{rel}","templated":true}]}}