{"id":47,"date":"2013-11-28T11:31:34","date_gmt":"2013-11-28T10:31:34","guid":{"rendered":"http:\/\/parafiapodwyzszeniakrzyza.pl\/?page_id=47"},"modified":"2026-04-25T15:33:52","modified_gmt":"2026-04-25T13:33:52","slug":"ogloszenia-duszpasterskie","status":"publish","type":"page","link":"http:\/\/krzyza.strzelin.archidiecezja.wroc.pl\/?page_id=47","title":{"rendered":"Og\u0142oszenia Duszpasterskie"},"content":{"rendered":"<h2 style=\"text-align: center;\"><span style=\"color: #000000;\">26 kwietnia 2026<\/span><span style=\"color: #bf8f00;\"><span style=\"font-family: BookmanOldStyle,serif;\"><span style=\"font-size: large;\"><br \/>\n<\/span><\/span><\/span><\/h2>\n<p align=\"CENTER\"><span style=\"font-family: Bookman Old Style, serif; color: #ffcc00;\"><span style=\"font-size: large;\">IV NIEDZIELA WIELKANOCNA<\/span><\/span><\/p>\n<ol>\n<li>\n<p align=\"JUSTIFY\"><span style=\"color: #000000;\"><span style=\"font-family: Bookman Old Style, serif;\"><span style=\"font-size: medium;\">Dzisiaj przypada \u015awiatowy Dzie\u0144 Modlitw o\u00a0Powo\u0142ania; w\u00a0naszej wsp\u00f3lnocie parafialnej go\u015bcimy 2\u00a0kleryk\u00f3w z\u00a0Metropolitalnego Seminarium Duchownego we\u00a0Wroc\u0142awiu; po zako\u0144czeniu Mszy \u015awi\u0119tej b\u0119dzie mo\u017cna u\u00a0nich naby\u0107 gazetk\u0119 seminaryjn\u0105 Vox Nostra.<\/span><\/span><\/span><\/p>\n<\/li>\n<li>\n<p align=\"JUSTIFY\"><span style=\"color: #000000;\"><span style=\"font-family: Bookman Old Style, serif;\"><span style=\"font-size: medium;\">Dzisiaj jest prowadzona zbi\u00f3rka do puszek na potrzeby Parafialnego Zespo\u0142u Caritas.<\/span><\/span><\/span><\/p>\n<\/li>\n<li>\n<p align=\"JUSTIFY\"><span style=\"color: #000000;\"><span style=\"font-family: Bookman Old Style, serif;\"><span style=\"font-size: medium;\">Zapraszamy na wsp\u00f3lne uwielbienie Zmartwychwsta\u0142ego Pana Jezusa poprzez \u015bpiew pie\u015bnie wielkanocnych dzisiaj o\u00a0godz. 17<sup>00<\/sup>.<\/span><\/span><\/span><\/p>\n<\/li>\n<li>\n<p align=\"JUSTIFY\"><span style=\"color: #000000;\"><span style=\"font-family: Bookman Old Style, serif;\"><span style=\"font-size: medium;\">w\u00a0przysz\u0142\u0105 niedziel\u0119 (3\u00a0maja) dzieci z\u00a0naszej parafii podczas Mszy \u015awi\u0119tej o\u00a0godz.\u00a010<sup>00<\/sup> i\u00a012<sup>00<\/sup> przyst\u0105pi\u0105 do I\u00a0Komunii \u015awi\u0119tej. Osoby niezwi\u0105zane z\u00a0uroczysto\u015bci\u0105 prosimy o\u00a0przyj\u015bcie na Msz\u0119 \u015awi\u0119t\u0105 o\u00a0innej godzinie.<\/span><\/span><\/span><\/p>\n<ul>\n<li>\n<p align=\"JUSTIFY\"><span style=\"color: #000000;\"><span style=\"font-family: Bookman Old Style, serif;\"><span style=\"font-size: medium;\">Ze wzgl\u0119du na na uroczysto\u015b\u0107 I\u00a0Komunii \u015awi\u0119tej w\u00a0przysz\u0142\u0105 niedziel\u0119 Msza \u015awi\u0119ta z\u00a0godz.\u00a09<sup>00<\/sup> zostaje przeniesiona na godz. 8<sup>30<\/sup>.<\/span><\/span><\/span><\/p>\n<\/li>\n<\/ul>\n<\/li>\n<li>\n<p align=\"JUSTIFY\"><span style=\"color: #000000;\"><span style=\"font-family: Bookman Old Style, serif;\"><span style=\"font-size: medium;\">Spowied\u017a dla dzieci I\u00a0Komunijnych i\u00a0ich rodzic\u00f3w:<\/span><\/span><\/span><\/p>\n<ul>\n<li>\n<p align=\"JUSTIFY\"><span style=\"color: #000000;\"><span style=\"font-family: Bookman Old Style, serif;\"><span style=\"font-size: medium;\">PSP nr 4 i\u00a0PSP nr 5 \u2013 wtorek (28\u00a0kwietnia) o godz. 16<sup>00<\/sup>.<\/span><\/span><\/span><\/p>\n<\/li>\n<li>\n<p align=\"JUSTIFY\"><span style=\"color: #000000;\"><span style=\"font-family: Bookman Old Style, serif;\"><span style=\"font-size: medium;\">PSP nr 3 \u2013 \u015broda (29\u00a0kwietnia) o godz. 16<sup>00<\/sup>.<\/span><\/span><\/span><\/p>\n<\/li>\n<\/ul>\n<\/li>\n<li>\n<p align=\"JUSTIFY\"><span style=\"color: #000000;\"><span style=\"font-family: Bookman Old Style, serif;\"><span style=\"font-size: medium;\">Zmiana tajemnic \u017bywego R\u00f3\u017ca\u0144ca w\u00a0przysz\u0142\u0105 niedziel\u0119 (3\u00a0maja) po Mszy \u015awi\u0119tej o\u00a0godz.\u00a016<sup>00<\/sup>.<\/span><\/span><\/span><\/p>\n<\/li>\n<li>\n<p align=\"JUSTIFY\"><span style=\"color: #000000;\"><span style=\"font-family: Bookman Old Style, serif;\"><span style=\"font-size: medium;\">We wtorek (28\u00a0kwietnia) kancelaria parafialna czynna b\u0119dzie w\u00a0godz.\u00a018<sup>30<\/sup> \u2013 18<sup>45<\/sup>.<\/span><\/span><\/span><\/p>\n<\/li>\n<li>\n<p align=\"JUSTIFY\"><span style=\"color: #000000;\"><span style=\"font-family: Bookman Old Style, serif;\"><span style=\"font-size: medium;\">W\u00a0czwartek (30\u00a0kwietnia) podczas Mszy \u015awi\u0119tej o\u00a0godz.\u00a018<sup>00<\/sup> ks. abp J\u00f3zef Kupny Metropolita Wroc\u0142awski udzieli sakramentu bierzmowania m\u0142odzie\u017cy z\u00a0naszej parafii.<\/span><\/span><\/span><\/p>\n<ul>\n<li>\n<p align=\"JUSTIFY\"><span style=\"color: #000000;\"><span style=\"font-family: Bookman Old Style, serif;\"><span style=\"font-size: medium;\">Spowied\u017a dla kandydat\u00f3w do bierzmowania i\u00a0\u015bwiadk\u00f3w: poniedzia\u0142ek (27\u00a0kwietnia) o\u00a0godz.\u00a016<sup>30<\/sup>.<\/span><\/span><\/span><\/p>\n<\/li>\n<\/ul>\n<\/li>\n<li>\n<p align=\"JUSTIFY\"><span style=\"color: #000000;\"><span style=\"font-family: Bookman Old Style, serif;\"><span style=\"font-size: medium;\">W\u00a0pi\u0105tek (1\u00a0maja) rozpoczniemy nabo\u017ce\u0144stwa majowe; odprawiane b\u0119d\u0105 o\u00a0godz.\u00a017<sup>30<\/sup>.<\/span><\/span><\/span><\/p>\n<\/li>\n<li>\n<p align=\"JUSTIFY\"><span style=\"color: #000000;\"><span style=\"font-family: Bookman Old Style, serif;\"><span style=\"font-size: medium;\">W\u00a0sobot\u0119 (2\u00a0maja) prze\u017cywa\u0107 b\u0119dziemy uroczysto\u015b\u0107 Naj\u015bwi\u0119tszej Maryi Panny Kr\u00f3lowej Polski (przeniesion\u0105 ze wzgl\u0119du na zbie\u017cno\u015b\u0107 dni liturgicznych); Msze \u015awi\u0119te o\u00a0godz. 7<sup>00<\/sup> i\u00a018<sup>00<\/sup>.<\/span><\/span><\/span><\/p>\n<\/li>\n<li>\n<p align=\"JUSTIFY\"><span style=\"color: #000000;\"><span style=\"font-family: Bookman Old Style, serif;\"><span style=\"font-size: medium;\">Odwiedziny chorych:<\/span><\/span><\/span><\/p>\n<ul>\n<li>\n<p align=\"JUSTIFY\"><span style=\"color: #000000;\"><span style=\"font-family: Bookman Old Style, serif;\"><span style=\"font-size: medium;\">ks.\u00a0Przemys\u0142aw \u2013 pi\u0105tek (1\u00a0maja) od godz. 8<sup>00<\/sup>.<\/span><\/span><\/span><\/p>\n<\/li>\n<li>\n<p align=\"JUSTIFY\"><span style=\"color: #000000;\"><span style=\"font-family: Bookman Old Style, serif;\"><span style=\"font-size: medium;\">ks.\u00a0Micha\u0142 \u2013 sobota (2\u00a0maja) od godz. 8<sup>00<\/sup>.<\/span><\/span><\/span><\/p>\n<\/li>\n<li>\n<p align=\"JUSTIFY\"><span style=\"color: #000000;\"><span style=\"font-family: Bookman Old Style, serif;\"><span style=\"font-size: medium;\">ks. Wies\u0142aw \u2013 sobota (2\u00a0maja) od godz. 8<sup>00<\/sup>; w\u00a0P\u0119czu 7\u00a0maja (czwartek) od godz. 16<sup>00<\/sup>.<\/span><\/span><\/span><\/p>\n<\/li>\n<\/ul>\n<\/li>\n<li>\n<p align=\"JUSTIFY\"><span style=\"color: #000000;\"><span style=\"font-family: Bookman Old Style, serif;\"><span style=\"font-size: medium;\">Spotkanie dla rodzic\u00f3w dzieci rocznicowych odb\u0119dzie si\u0119 19\u00a0maja (wtorek) o\u00a0godz.\u00a018<sup>45<\/sup> w\u00a0ko\u015bciele.<\/span><\/span><\/span><\/p>\n<\/li>\n<li>\n<p align=\"JUSTIFY\"><span style=\"color: #000000;\"><span style=\"font-family: Bookman Old Style, serif;\"><span style=\"font-size: medium;\">Parafia organizuje koloni\u0119 dla dzieci i\u00a0m\u0142odzie\u017cy w\u00a0Krynicy Morskiej w\u00a0dniach 18-25\u00a0sierpnia; koszt 1650\u00a0z\u0142, zapisy u\u00a0ks.\u00a0Wies\u0142awa (SMS: 535 579 843), szczeg\u00f3\u0142y na stronie internetowej w\u00a0zak\u0142adce kolonia dla dzieci.<\/span><\/span><\/span><\/p>\n<\/li>\n<li>\n<p align=\"JUSTIFY\"><span style=\"color: #000000;\"><span style=\"font-family: Bookman Old Style, serif;\"><span style=\"font-size: medium;\">Wzorem lat ubieg\u0142ych firma Green Office Ecologic Sp. z\u00a0o.\u00a0o. wraz ze Stowarzyszeniem Dobrych Inicjatyw Pro Missio przeprowadz\u0105 zbi\u00f3rk\u0119 zu\u017cytego sprz\u0119tu elektrycznego i\u00a0elektronicznego. Szczeg\u00f3\u0142y dotycz\u0105ce czas i\u00a0miejsca zbi\u00f3rki zostan\u0105 podane w\u00a0przysz\u0142ym tygodniu.<\/span><\/span><\/span><\/p>\n<\/li>\n<li>\n<p align=\"JUSTIFY\"><span style=\"color: #000000;\"><span style=\"font-family: Bookman Old Style, serif;\"><span style=\"font-size: medium;\">Dzi\u0119kujemy Paniom, Rodzicom dzieci I-Komunijnych i kandydat\u00f3w do bierzmowania za sprz\u0105tanie ko\u015bcio\u0142a oraz porz\u0105dkowanie terenu wok\u00f3\u0142 ko\u015bcio\u0142a.<\/span><\/span><\/span><\/p>\n<\/li>\n<li><\/li>\n<\/ol>\n<p align=\"JUSTIFY\"><span style=\"color: #000000;\"><span style=\"font-family: Bookman Old Style, serif;\"><span style=\"font-size: small;\"><b>W tym tygodniu przypada<\/b><\/span><\/span><\/span><\/p>\n<p align=\"JUSTIFY\"><span style=\"color: #000000;\"><span style=\"font-family: Bookman Old Style, serif;\"><span style=\"font-size: small;\">29.04 \u2013 <i>\u015broda<\/i> \u2013 [\u015bwi\u0119to] \u015bw. Katarzyny Siene\u0144skiej, dziewicy i\u00a0doktora Ko\u015bcio\u0142a, patronki Europy<\/span><\/span><\/span><\/p>\n<p align=\"JUSTIFY\"><span style=\"color: #000000;\"><span style=\"font-family: Bookman Old Style, serif;\"><span style=\"font-size: small;\">01.05 \u2013 <i>pi\u0105tek<\/i> \u2013 [wspomnienie] \u015bw. J\u00f3zefa Rzemie\u015blnika<\/span><\/span><\/span><\/p>\n<p align=\"JUSTIFY\"><span style=\"color: #000000;\"><span style=\"font-family: Bookman Old Style, serif;\"><span style=\"font-size: small;\">02.05 \u2013 <i>sobota<\/i> \u2013 [uroczysto\u015b\u0107] Naj\u015bwi\u0119tszej Maryi Panny Kr\u00f3lowej Polski<\/span><\/span><\/span><\/p>\n","protected":false},"excerpt":{"rendered":"<p>26 kwietnia 2026 IV NIEDZIELA WIELKANOCNA Dzisiaj przypada \u015awiatowy Dzie\u0144 Modlitw o\u00a0Powo\u0142ania; w\u00a0naszej wsp\u00f3lnocie parafialnej go\u015bcimy 2\u00a0kleryk\u00f3w z\u00a0Metropolitalnego Seminarium Duchownego we\u00a0Wroc\u0142awiu; po zako\u0144czeniu Mszy \u015awi\u0119tej b\u0119dzie mo\u017cna u\u00a0nich naby\u0107 gazetk\u0119 seminaryjn\u0105 Vox Nostra. Dzisiaj jest prowadzona zbi\u00f3rka do puszek na potrzeby Parafialnego Zespo\u0142u Caritas. Zapraszamy na wsp\u00f3lne uwielbienie Zmartwychwsta\u0142ego Pana Jezusa poprzez \u015bpiew pie\u015bnie wielkanocnych&#8230;<\/p>\n","protected":false},"author":1,"featured_media":0,"parent":0,"menu_order":0,"comment_status":"closed","ping_status":"open","template":"","meta":[],"_links":{"self":[{"href":"http:\/\/krzyza.strzelin.archidiecezja.wroc.pl\/index.php?rest_route=\/wp\/v2\/pages\/47"}],"collection":[{"href":"http:\/\/krzyza.strzelin.archidiecezja.wroc.pl\/index.php?rest_route=\/wp\/v2\/pages"}],"about":[{"href":"http:\/\/krzyza.strzelin.archidiecezja.wroc.pl\/index.php?rest_route=\/wp\/v2\/types\/page"}],"author":[{"embeddable":true,"href":"http:\/\/krzyza.strzelin.archidiecezja.wroc.pl\/index.php?rest_route=\/wp\/v2\/users\/1"}],"replies":[{"embeddable":true,"href":"http:\/\/krzyza.strzelin.archidiecezja.wroc.pl\/index.php?rest_route=%2Fwp%2Fv2%2Fcomments&post=47"}],"version-history":[{"count":981,"href":"http:\/\/krzyza.strzelin.archidiecezja.wroc.pl\/index.php?rest_route=\/wp\/v2\/pages\/47\/revisions"}],"predecessor-version":[{"id":11102,"href":"http:\/\/krzyza.strzelin.archidiecezja.wroc.pl\/index.php?rest_route=\/wp\/v2\/pages\/47\/revisions\/11102"}],"wp:attachment":[{"href":"http:\/\/krzyza.strzelin.archidiecezja.wroc.pl\/index.php?rest_route=%2Fwp%2Fv2%2Fmedia&parent=47"}],"curies":[{"name":"wp","href":"https:\/\/api.w.org\/{rel}","templated":true}]}}